b = i + -1827. What are the prime factors of b?
5, 167
Let w = 1771 - 1744. Let u be (4/(-3))/2*-6. What are the prime factors of (-3)/(w/(-416)) + u/(-18)?
2, 23
Let c(d) = 7*d**2 - 27*d + 8. Let m be c(6). List the prime factors of m*6*6/24.
3, 7
Suppose 3*k - 707 + 692 = 0. Suppose 5*m + 498 = r, 4*r = 6*r + k*m - 1071. List the prime factors of r.
523
Suppose -4*i + 2*i = -40. Let r = 24 - i. Suppose -r*x = 3*s + x - 88, 2*x = s - 22. What are the prime factors of s?
2, 13
Let k = 18042 + -4138. Suppose -8304 - k = -32*s. What are the prime factors of s?
2, 347
Let w(s) = 48*s**3 + 4*s**2 + 68*s - 477. List the prime factors of w(6).
3, 59
Suppose 16*p + 57 = -279. List the prime factors of 652/(98/p + 6).
3, 163
Let k be (-7076)/(-29)*(0 - -1). Suppose o - 735 = -k. What are the prime factors of o?
491
Suppose 66619 + 190053 = -281*s + 297*s. What are the prime factors of s?
2, 13, 617
Suppose 2*z - 6 = 5*z + 5*y, 4*y = -12. Suppose 0 = z*h + 4*b - 555, 4*b - 564 = -3*h + 3*b. Suppose 0*q + 3*q - h = 0. What are the prime factors of q?
3, 7
Suppose 0 = -0*c + c + 4*r - 356, -5*r + 360 = c. Suppose h + c = 2*h. List the prime factors of h.
2, 5, 17
Let w(l) = -l**3 + l**2 + 2*l + 95. Let y(k) = k**2 + 8*k - 20. Let q = 43 - 53. Let f be y(q). List the prime factors of w(f).
5, 19
Suppose 4*s + 2 = -18, -4*l + 1 = 3*s. Suppose -l*i - 4732 = -17*f + 13*f, -f + 1173 = -3*i. List the prime factors of f.
2, 3, 11
Suppose 0 = -34*x + 28*x + 19920. Suppose x = 11*u - u. What are the prime factors of u?
2, 83
Suppose 4*y - 113 = -5*r, -151*r - y = -154*r + 78. Suppose -k - 2 = -3*k. What are the prime factors of (r - 5)/(k/2)?
2, 5
Suppose -5*f + 2*x = -f - 10, -f = 3*x - 20. Suppose f*b - 5 = 0, 54 - 1015 = -2*t - 5*b. What are the prime factors of t?
2, 239
Let z be (-2 - (1 + 22))*29. Let d = 1125 + z. What are the prime factors of d?
2, 5
What are the prime factors of (-77073)/(-3) + ((-40)/(-5) - 4)?
3, 5, 571
Suppose -3*d - 13395 = -5*s + 36573, 2*s - 5*d - 19972 = 0. List the prime factors of s.
2, 3, 7, 17
Let b(y) = -115*y**2 - 2*y + 2. Let x be b(-7). What are the prime factors of (0 - (-10)/55) + x/(-11)?
7, 73
Let s(k) be the first derivative of 4*k**2 + 52*k - 26. Let h be s(-7). List the prime factors of h/(-28) - (-160)/7.
23
Suppose 29*k = 27*k + 9306. Suppose 14*r - k = 10313. List the prime factors of r.
1069
Suppose -74940 = 1157*v - 1160*v. List the prime factors of v.
2, 5, 1249
Suppose 2*h + 0*v = v, 0 = -4*h + 5*v. Let c = 157 + -153. Suppose h = 2*z - 3*p - 80, z + c*p = 4*z - 122. List the prime factors of z.
2, 23
Let p be 1/(-5) + 5505/25. Let m be p*(147/(-12))/(-7). Suppose 0 = 4*c + 4, -2*y = 4*c - m - 115. List the prime factors of y.
2, 3, 7
Suppose 0 = -36*x + 73149 + 116535. List the prime factors of x.
11, 479
Suppose 0 = 3*d + r - 46986, 2*d - 7890*r + 7891*r = 31323. What are the prime factors of d?
3, 23, 227
Let i(l) = -7*l**2 - l - 7. Let b be i(-5). Let z = b - -848. Suppose -t = 5*h - 0*t - 1115, -t + z = 3*h. List the prime factors of h.
2, 3, 37
Suppose -3*i = 4*j - 1, -19*j = i - 15*j + 5. Let w(k) = 10*k**3 - 3*k**2 - 5*k + 3. Let x be w(i). Let a = 3 + x. What are the prime factors of a?
2, 3, 13
Let x = -566 - -571. List the prime factors of 172531/185 + 2/x.
3, 311
Suppose 81 = o + z - 13, z = -5*o + 458. Let x = -42 + o. Suppose 0 = -r + x. List the prime factors of r.
7
Let v(i) = i + 1. Let k(r) = -2*r**2 + 21*r + 6. Let b(a) = -k(a) + 4*v(a). Let m be b(-5). Let c = m + -20. What are the prime factors of c?
113
Suppose 15 = 15*u - 12*u. Suppose -5*p + 4 = -3*f, -3*p = -5*f - 1 + u. Suppose -t + 3*k = 4*k - 16, f*k = -5*t + 71. What are the prime factors of t?
13
Suppose 7*f + 6 = 10*f. Suppose 4*x + 108 = -2*i, -4*i = 2*x - 3*x + 189. What are the prime factors of -1 + f - (i/4 - -3)?
2, 5
Suppose -4*p = m - 1010, 2*p = 5*m - 5137 + 109. Let h = 1823 - m. List the prime factors of h.
19, 43
Let a(x) = -1170*x - 1151. What are the prime factors of a(-9)?
83, 113
Let i = -1550 - -11387. What are the prime factors of i?
3, 1093
Suppose 4*j + 30 = 2*y, 4*j + 10 = -10. Let t be 3*(-1)/(-3)*y. Suppose -4*q - t*f - 50 = -405, 0 = 5*f - 15. List the prime factors of q.
5, 17
Let z be (672/(-15))/((-36)/(-810)). List the prime factors of z/18*(57/4)/(-1).
2, 3, 7, 19
Suppose -81 + 71 = -10*y. List the prime factors of y + (6 - 2 - (-1036)/4).
2, 3, 11
Suppose 0 = 3*p + 2661 - 447. Let q = -108 - p. List the prime factors of q.
2, 3, 5, 7
Suppose 0 = r - 3*n + 10, 29*r - 3*n = 25*r - 4. Let d be 2 - (1 + 2 + -123). List the prime factors of r/(-2)*3 + (d - 0).
7, 17
List the prime factors of (-24)/54 - 433343/(-207).
7, 13, 23
Suppose 5*o = -0*o + 15. Suppose -5*y + 3*n = -119, -2*n + o*n - 77 = -3*y. Suppose 954 = y*f - 19*f. List the prime factors of f.
3, 53
Let q = 18 - 45. Let o(p) = -2*p**3 + 2*p**2 - 4*p - 9. Let y be o(3). Let b = q - y. What are the prime factors of b?
2, 3, 5
Let t(s) = -1996*s - 2150. List the prime factors of t(-15).
2, 5, 7, 397
Let d = 115 + -120. Let o(a) = -4*a**3 + 5*a**2 + 4*a + 5. List the prime factors of o(d).
2, 5, 61
Suppose -13*g + f = -10*g + 11, -10 = 2*g - 2*f. List the prime factors of 2/3 + (7 - 2902/g).
3, 5, 13
Suppose 359921 - 37606 = 5*q. Let d be q/49 - 4/7. Suppose 0 = -12*t + d + 125. List the prime factors of t.
2, 3, 5
Suppose 66*c - 61*c + 25 = 0. Let n(m) = -m**3 + 6*m**2 - 9*m - 11. What are the prime factors of n(c)?
3, 103
Suppose 0*f + 4*f = -5*x - 518, -2*x = 4*f + 212. Let m = 87 + -127. Let h = m - x. List the prime factors of h.
2, 31
Let l be (1 - 11) + -4 + 1. Let k(v) be the second derivative of v**5/20 + 7*v**4/6 - 16*v**2 + 2*v + 48. What are the prime factors of k(l)?
137
Suppose -12 = -4*l, 2*l = -10*a + 14*a - 426. Let p = a + -87. What are the prime factors of p?
3, 7
Let i = 3168 - -2967. List the prime factors of i.
3, 5, 409
Let x be (1 + (-7 - -2))*605/(-10). Let g = x - 75. Let z = g - 80. List the prime factors of z.
3, 29
Suppose -10*m + 13*m - 3*r - 69126 = 0, -m + 3*r + 23048 = 0. What are the prime factors of m?
23039
Let k(c) = 3*c - 1. Let u be k(1). Suppose -4*y = a + 133, u*y + 4*a - 35 = -105. Let n = y + 114. What are the prime factors of n?
3
Let m(w) = -w**3 + 8*w**2 + 143*w + 34. What are the prime factors of m(-14)?
2, 293
List the prime factors of 4/(6/(-60)*5) - -39353.
3, 5, 43, 61
Let u(l) = l**3 - 9*l**2 - 5*l + 12. Let s be u(-7). Let g = s - -1109. Let f = g + -171. List the prime factors of f.
3, 67
Suppose 5*w = -5, i = -3*i + 3*w + 15703. Suppose 4*k = -4*v - 1201 + 4357, 5*k - 5*v = i. What are the prime factors of k?
787
Let b(j) = -327*j + 6591. What are the prime factors of b(-28)?
3, 29, 181
Let j = 4002 - 3480. What are the prime factors of j?
2, 3, 29
Suppose 5*s + 13044 = 2*n - 6737, -5*s - 9888 = -n. List the prime factors of n.
13, 761
Let x(l) = 1402*l**3 + 8*l**2 - 49*l + 70. List the prime factors of x(2).
2, 3, 5, 11, 17
Let n(v) = -v**2 + 24*v - 131. Let k be n(11). Suppose k = -4*u + 2052. List the prime factors of u.
2, 3, 5, 17
Let u be (2 - 1)*0/(-2 - -4). Let m be (76/(-6))/(4/(-36)). Suppose -m*s + 110*s + 760 = u. What are the prime factors of s?
2, 5, 19
Suppose -2*l = 4, 12*l - 8152 = -t + 10*l. List the prime factors of t.
2, 2039
Suppose -3*q + 6 = -0. Suppose 2*o + q*o = 136. What are the prime factors of 3532/o + 24/204?
2, 13
Let b = -231 - -236. Suppose -s - 211 = -b*q + 2139, 0 = -3*q + 3*s + 1410. What are the prime factors of q?
2, 5, 47
Let d be 182/(-21) - ((-15)/9 + 2). Let z be (-1 + 0)*(d + -2) + -3. Suppose z*u = -4*u + 2340. What are the prime factors of u?
3, 5, 13
Suppose -2*n - 5*n = -329. Let h = n + -43. Suppose 0 = -5*c - 20, 66 + 44 = 2*x + h*c. What are the prime factors of x?
3, 7
Suppose 7*i - 421 = -85. Suppose -56*y = -i*y - 1200. List the prime factors of y.
2, 3, 5
What are the prime factors of -3 + 1079246/91 - (-10)/65?
71, 167
Suppose -10*d - 5782 + 54382 = 0. List the prime factors of d.
2, 3, 5
Let g = 27208 - 12485. What are the prime factors of g?
14723
Suppose 0 = -14*c + 18*c - 60. Let k(z) = z**3 - 15*z**2 + 2*z - 30. Let y be k(c). List the prime factors of 2/(-2)*(-1 + y + -90).
7, 13
Suppose 0 = 2*a + 5*h - 15028, 4*h + 0 + 16 = 0. 